= c - i. What is d(p)?
-6
Let z = -5 - -12. Let c(h) = -3 + 6*h**2 - 3 + 8*h - z*h**2. What is c(6)?
6
Let x = 2 - -2. Let r(c) = -c**3 + 3*c**2 + 2*c - 2. Let w(l) = -2*l**3 + 6*l**2 + 4*l - 3. Let u(i) = 5*r(i) - 3*w(i). Give u(x).
7
Let j(x) = x**3 - x**2 - 5*x + 1. Let d(z) = -z**3 + 5*z. Let v(f) = 4*d(f) + 3*j(f). Let l be (-3)/1 - (6 - 5). Give v(l).
-1
Suppose 3*y - 3*i = -y + 15, 0 = -y - 2*i + 1. Let q(h) = 3 + 4*h - y*h + 4. Calculate q(-3).
4
Let y(p) = -6*p**2 + 5*p**2 + 0*p**2 + 2 - 6*p. Calculate y(-4).
10
Let p(l) be the third derivative of 5*l**4/12 - 22*l**2. Determine p(1).
10
Let s(f) = -26*f + 6 + 22*f + 21*f + f**2. Let a be s(-17). Let t(d) = -2*d + 5. Give t(a).
-7
Let i(l) = -l**3 - l**2. Suppose 8 = c + c. Let q(n) = -2*n**2 + c*n**2 - 4*n**2 + n**2 - 4*n**3 + 3*n. Let p(z) = 5*i(z) - q(z). Give p(-3).
0
Let u(m) = -m**3 - 3*m**2 + m. Let x be u(-3). Let h(k) = k**3 + 3*k**2 + 3*k + 4. What is h(x)?
-5
Suppose -4*g + 6*g - 18 = 0. Let c = g + -10. Let d(t) = 4*t**2 - 12*t**2 + t - 3*t**2. Calculate d(c).
-12
Let s(p) = -p - 1. Suppose 13*m - 10*m - 12 = 0. Give s(m).
-5
Let m(o) be the second derivative of -o + 1/2*o**2 + 0 - 5/6*o**3. Let w be (5 - 3)*2/(-4). Calculate m(w).
6
Let m(i) = i**2 + 5*i - 4. Let g be m(-6). Let z(q) = -104 + 105 - 4*q + 2*q. What is z(g)?
-3
Let h be -13*(-3)/(-6)*2. Let a = h + 10. Let o(n) = n**2 + 6*n + 1. Calculate o(a).
-8
Let g(c) = c**2 + 5*c - 2. Let q(r) = -4*r**2 - 19*r + 7. Let n(m) = 9*g(m) + 2*q(m). Determine n(-6).
-10
Let m(h) = -2*h - 1. Let o(w) = -1. Let b(r) = -m(r) + 4*o(r). Calculate b(4).
5
Let w be (-81)/(-54)*20/6. Let k(r) = r**3 - 6*r**2 + r. Determine k(w).
-20
Let p(o) = -3*o - 4. Let k be p(-3). Suppose 2*r - 5*d = 4, 5*r - 14 = k*d - 4. Let n(u) = u**3 - 4*u + 3. Determine n(r).
3
Let z(s) be the second derivative of -1/720*s**6 + 0*s**2 - s - 1/6*s**4 + 0 + 0*s**3 - 1/20*s**5. Let o(v) be the third derivative of z(v). Give o(-5).
-1
Let z(w) = 11*w + 3. Let b(k) = 23*k + 7. Let s(p) = 2*b(p) - 5*z(p). Let c(f) = f**2 + f + 1. Let x be c(0). Determine s(x).
-10
Let r be 15/75 + 38/10. Let t(c) = -c**3 + 3*c**2 + 7*c - 6. What is t(r)?
6
Let t(m) = 0 + 1 - 1 + 1 - m. Give t(0).
1
Let u(h) = -2*h + 9. Let c(j) = 1. Let z(g) = 7. Let x(a) = -6*c(a) + z(a). Let k(n) = -u(n) + 6*x(n). Calculate k(3).
3
Let n(v) = -116 - 2*v**2 + 117 + 2*v - 2*v**2 + 3*v**2. What is n(5)?
-14
Let w(s) = s**2 + 2*s - 3. Let o be (-4)/6*36/(-8). Suppose t + 0*t + 3*i = 0, o*i + 9 = -4*t. What is w(t)?
0
Suppose 24 = 6*v - 2*v - 4*x, -27 = -2*v + 5*x. Let t = 0 - 0. Let h(u) = -u - v + t + 0. Give h(3).
-4
Let g be 10/2 + -1 + 1. Suppose 0 = g*t + 4 + 1. Let q(w) = w**2 - w - 1. Let l(i) = -6*i**3 - 3*i**2 + 2*i + 2. Let z(y) = -l(y) - 2*q(y). Calculate z(t).
-5
Let q(v) = -v**3 - 5*v**2 + 9*v - 4. Let z be 2/3 + 13/3. Let g(x) = x**3 + 5*x**2 - 10*x + 4. Let y(n) = z*q(n) + 4*g(n). Determine y(-6).
2
Let u(t) be the first derivative of t**3/3 + t**2/2 - 2*t + 1. Let h be u(-2). Suppose 0*k - 3*k - 6 = h, -5*k = 5*i + 25. Let d(p) = p + 6. Determine d(i).
3
Let y(t) be the first derivative of -t**3/3 + 4*t**2 - 4*t - 8. Calculate y(5).
11
Let x(b) = -83*b**2 + b**3 + 0 + 6 - 5*b + 79*b**2. Calculate x(5).
6
Let n be 3 + 4 + -2 + -1. Suppose -1 = n*t - 9. Let b(p) = -p**2 + 0*p + 3 + p - t. Calculate b(3).
-5
Let w(h) be the third derivative of h**6/120 - h**5/30 - h**4/12 + h**3/2 - 11*h**2. Give w(3).
6
Let a(m) = 3*m**2 + 0*m - m - m**2 + 1. Let b(y) = y - 14. Let x be b(0). Let h be (3 + x/4)*-2. Calculate a(h).
2
Let q(b) be the first derivative of b**2/2 + 7*b - 8. Determine q(0).
7
Let v = 22 + -14. Suppose -1 = -0*s - s - y, 0 = -3*s - 2*y + v. Let n(i) = 3*i + i - s - 3*i - 2. Give n(6).
-2
Let o be (-4 - 1)*(-6)/10. Suppose 5*n + 7 = -o. Let j be -2*((-12)/n)/(-3). Let k(r) = -r**3 + 4*r**2 + 2*r - 4. Determine k(j).
4
Let i = 11 - 9. Suppose 0 = -5*q + i*q. Let u(v) = -v + 14. Calculate u(q).
14
Let z(o) = 21*o**2 - 5*o. Let t(r) = 5*r**2 - r. Let p(n) = 9*t(n) - 2*z(n). Suppose 0 = 2*a - a - 1. Give p(a).
4
Let f(y) be the second derivative of -y**5/20 + y**4/2 - y**3 + y**2/2 - 15*y. Determine f(5).
-4
Let z(g) be the first derivative of 3 + 1/20*g**5 + 0*g - 3/2*g**2 - 1/120*g**6 - 1/3*g**3 + 1/8*g**4. Let k(y) be the second derivative of z(y). What is k(3)?
7
Let g = -1 + -4. Let u(z) = -z**3 - 5*z**2 - 2*z - 6. What is u(g)?
4
Let g(s) = 9*s**2 + 1 + 27*s**3 - 8 - 28*s**3. Give g(9).
-7
Let f = -45 + 70. Suppose 6*k - f = k. Let l(t) = t - 3. Determine l(k).
2
Suppose -x - 6 = -3*x. Let s(y) = 10*y + 3 + 2 + y**2 - x*y. Let j be s(-5). Let u(q) = q**2 + 7*q + 7. Give u(j).
-3
Suppose 0 = -3*v - 0*v + 6. Let o(a) = -a**v - 10*a**3 - 4*a + 3*a + 12*a**3. Give o(-1).
-2
Let l(h) = 3*h - 20 + 8 - 4*h - h. Let c be l(-9). Suppose -2 = j - g, c*g - g = 25. Let d(u) = u**3 - u**2 - 5*u + 3. Determine d(j).
6
Suppose -y + 4*r - 9 = -6*y, -5*y + r + 29 = 0. Let c(a) = -a**3 + 0 - 6*a + 2*a + 4 + y*a**2 - 3. Give c(4).
1
Let w(c) be the first derivative of -c**4/4 + 5*c**3/3 - c**2 - 4*c + 55. Calculate w(3).
8
Let o(y) = 3*y. Let g(q) = q**3 - 3*q**2 - 3*q - 2. Let c be g(4). Suppose -4 = -2*t - c*t. Calculate o(t).
3
Let y = -12 - -10. Let b(m) = 2*m - 1. Let c be b(y). Let o(l) = l**2 + 5*l + 6. Calculate o(c).
6
Let r(y) = y**2 - 4*y - 7. Let o(p) = 2*p - 1. Let t be o(-5). Let z = -6 - t. Determine r(z).
-2
Let h(d) = -d - 7. Let s be h(-13). Let a(i) = -15*i + i**3 + i**2 - s*i**2 + 19*i + 1. Determine a(4).
1
Let f(r) = -r**2 - 5*r - 1. Let w(y) = -2*y**2 - 11*y - 3. Let g(k) = -5*f(k) + 2*w(k). Give g(-3).
-1
Let t(s) = 12*s**2 - s. Suppose 0 = -6*y + 2 + 4. Calculate t(y).
11
Let u(z) be the first derivative of -z**4/4 - 2*z**3/3 + z**2 - 2*z - 28. Suppose 5 + 7 = -4*v. Determine u(v).
1
Let s(y) = 15*y**3 + 12*y**2 - y - 29. Let d(k) = 7*k**3 + 6*k**2 - k - 14. Let q(w) = -13*d(w) + 6*s(w). Give q(-7).
8
Let c(w) = 3*w**2 + 33*w - 2*w**2 + 2 - 36*w. Calculate c(4).
6
Let d(w) = -w - 4. Suppose 5*s - 5*c + 2*c - 76 = 0, 4*s = -4*c + 80. Let a = -10 + s. Let x = 4 - a. Calculate d(x).
-1
Let i(g) = -6*g**3 - 5*g**2 - 2*g - 6. Let o(p) = -p**3. Let f(t) = i(t) - 5*o(t). Calculate f(-5).
4
Let n(d) be the second derivative of -d**5/10 + d**4/12 + 2*d. Let x = 9 + -9. Suppose -g - 5*c + 1 = -x*g, 4*g + 5*c = 4. Calculate n(g).
-1
Let x(m) be the third derivative of -m**5/60 + m**4/24 - m**3 + 4*m**2. Let v(h) = h**2 - 2*h + 6. Let b(g) = 6*v(g) + 5*x(g). Calculate b(5).
-4
Let y(k) = k**3 - 4*k**2 + 3*k + 3. Let l = 4 + -7. Let a be 4 + 1 + 0 + 1. Let f = a + l. Calculate y(f).
3
Let a(q) = q**2 - 7*q + 2. Suppose -4 = t - 3*f + 5, 2*t + 2*f = 22. Determine a(t).
-4
Let f be (-2)/6*(-16 + 1). Suppose -f*y - 16 = u, -3*u + u + 1 = -y. Let t(n) = -4*n + 1. Let o(q) = -3*q + 1. Let c(h) = 3*o(h) - 2*t(h). Determine c(u).
2
Let x(y) = 7*y + 1. Let z(g) = 7 - 7*g - 5*g + 5*g. Let c(d) = 4*d - 3. Let w(u) = 5*c(u) + 3*z(u). Let b be w(7). Calculate x(b).
-6
Let d(j) = 2 - 6*j**2 - 5*j - 10*j**3 + 11*j**3 + 3*j. Give d(6).
-10
Let s be ((-1)/1 - -5)/(-2). Let i(w) = -3*w - 2*w + 4*w. What is i(s)?
2
Let d(v) = 2 - 10*v**2 - 6*v + 9*v**2 + 2. Give d(-6).
4
Let q(s) = 2 + s**2 + 3*s + s - 7*s + 0*s. Let j be q(2). Let a(y) = y**2 - y + 4. Determine a(j).
4
Let p(l) = -l**2 + 2*l - 3. Let g = 46 - 41. Calculate p(g).
-18
Let d(b) = -7*b**2 + 6*b - 2. Let q(i) = i**3 - i**2 + i. Let z(r) = -d(r) - q(r). What is z(7)?
2
Suppose -5*g - 23 = -3. Let d be g/14 - 36/(-28). Let z(j) = -7*j**2. Give z(d).
-7
Let u(h) be the third derivative of h**5/60 + 7*h**4/24 + 14*h**2. Calculate u(-6).
-6
Let q be (-2)/6 + 7/3. Suppose 4 - q = d. Suppose -3*y - 30 = d*y. Let t(z) = z**2 + 8*z + 5. Determine t(y).
-7
Let h(u) = -4*u - 1. Let f be h(-1). Suppose 0 = w - f*w - 6. Let z(o) = o - 2. Let r(y) = 4*y - 7. Let q(s) = -2*r(s) + 7*z(s). Determine q(w).
3
Suppose 3*d + 19 = -4*y, -2 = 2*y - 6. Let q(w) = w**2 + 10*w + 10. Let x be q(d). Suppose 5*t - 21 = -x. Let z(s) = s**2 - 6*s + 2. Determine z(t).
-6
Let d(c) = -c**2 + c. Suppose 0 = 2*h - 2 - 4. Let g(z) = -4*z**3 + 2*z**3 - 2*z**2 + z**3 + 7*z - h*z**2. Let r(b) = -6*d(b) + g(b). What is r(-1)?
1
Let u be (27/9 + -2)*(-6 + 1). Let m(s) be